ided by 28?
26
Let o(m) = 14*m - 280. Calculate the remainder when 334 is divided by o(21).
12
Let d(m) = 2*m**2 + 6*m + 47. Calculate the remainder when d(9) is divided by 11.
10
Let x = 509 - 295. Calculate the remainder when x is divided by 72.
70
Suppose 0 = -9*s + 206 - 89. Suppose -4*z = 4, -4*k = k - 3*z - 183. What is the remainder when k is divided by s?
10
Let b(j) = -j**3 - 13*j**2 - 22*j - 6. Calculate the remainder when b(-12) is divided by 17.
12
Suppose 0 = -i + 20 + 16. Let a = i + 31. What is the remainder when a is divided by 23?
21
Let q(d) = 14*d + 197. Calculate the remainder when q(-12) is divided by 15.
14
Let p be (2/3)/((-3)/(-18)). Suppose -633 + 29 = -p*t. Suppose -2*l - t = -3*s + 3*l, 2*l = -4. Calculate the remainder when s is divided by 16.
15
Let r(g) = g**3 + 4*g**2 - 13*g + 21. Calculate the remainder when r(-5) is divided by 36.
25
Let j = -17 + 32. Let i(z) = z**2 + 4*z - 2. Let h be i(-5). Suppose h*u + u - 32 = 0. Calculate the remainder when j is divided by u.
7
Suppose 13*v + 545 + 2367 = 0. Let s = v + 319. What is the remainder when s is divided by 32?
31
Let v(h) = -h + 39. Let m be 57/(-18) + 3 - 71/6. Let g(l) = l**2 + 2*l + 2. Calculate the remainder when v(m) is divided by g(-6).
25
Let x(g) = 76*g**2 + 14*g + 5. What is the remainder when x(-2) is divided by 13?
8
Let s = -388 + 412. Calculate the remainder when 64 is divided by s.
16
What is the remainder when 2/(-10) - (-4329)/45 is divided by (-2)/6 - (-500)/15?
30
Suppose 390 = 5*k + 2*c, 4*k - 2*c - 390 = -k. Calculate the remainder when k is divided by (-3)/(-12)*-2*-32.
14
Let m(k) = k + 14. Suppose 3*h + 1 = -t, -2*t + 0*h = 3*h + 8. What is the remainder when 14 is divided by m(t)?
0
Let v = 11 - -75. Let t = -64 - -94. What is the remainder when v is divided by t?
26
Suppose -6 = h - 4*k, -6 = -4*h - 0*h + k. Suppose -5*w - 12 - 3 = 0, 3*w = h*b - 143. Calculate the remainder when b is divided by 4/(-1) + -4 + 44/2.
11
Let x(w) = -18*w + 634. Let y(n) = n**3 + 3*n - 2. What is the remainder when x(34) is divided by y(2)?
10
Suppose j - 96 = -3*a + 93, a + 2*j = 63. What is the remainder when a is divided by 27?
9
Suppose -8 = 21*h + 118. What is the remainder when 249 is divided by 2740/65 + h/39?
39
Let v = -35 - -50. Suppose 620*j + 259 - 675 = 616*j. Calculate the remainder when j is divided by v.
14
Let w = 57 + -72. Calculate the remainder when 68 is divided by 860/25 + (-9)/w.
33
Let b be (4 - -1)*(2 - 1). Suppose b*t = 12 + 3. Calculate the remainder when -4*28/(-48)*3 is divided by t.
1
Suppose -5*b + 3*z = 7*z - 2060, 2*b = z + 837. Calculate the remainder when b is divided by 106.
98
Let y(m) = 3 + 0*m - 33*m - 36*m. Calculate the remainder when y(-2) is divided by 24.
21
Let k = -150 - -85. Let c = -63 - k. What is the remainder when 5 is divided by c?
1
Let q = -102 + 116. Let i be 3 + -3 + (-2)/(-1). Calculate the remainder when q is divided by (4/(-6))/(i/(-12)).
2
Suppose 0 = -43*o + 41*o + 20. Calculate the remainder when 48 is divided by o.
8
Let c(l) = -l**3 + 8*l**2 - 5*l - 2. Let r = 18 - 11. Let x be c(r). What is the remainder when 232/x*(1 - -2) is divided by 15?
13
Let y(x) = x**2 - 23. Calculate the remainder when 216 is divided by y(6).
8
Let c(f) = -15 - 13*f + 10 - 18*f + 4. Calculate the remainder when 85 is divided by c(-1).
25
Let o = 44 + 1295. What is the remainder when o is divided by 9?
7
Let f be (1 - 4) + (417/3 - -1). Let a(b) = b + 194. Let m be a(0). Let o = m - f. Calculate the remainder when o is divided by 15.
12
Let i(g) = -2*g**2 + 3*g + 13. Let c(v) = v**3 - 4*v**2 + 8*v - 4. Calculate the remainder when c(3) is divided by i(3).
3
Let p(o) = o**3 - o + 60. Let v(g) = g**2 - 5*g + 4. Let w be v(4). Let y be p(w). What is the remainder when ((-48)/(-10))/(18/y) is divided by 6?
4
Suppose 59*g = 60*g - 43. Let c = 31 + -16. What is the remainder when g is divided by c?
13
Suppose -3*q - 2*q = -560. Suppose 5*j + 110 = 5*u, -4*j = 3*u - 8*u + q. Suppose 0 = 5*c - 3*c - u. Calculate the remainder when c is divided by 7.
5
Let d(w) = w**2 + w - 2. Suppose -48 = -5*y + 2*y. Suppose 4*b + 0*b - y = 0. What is the remainder when 34 is divided by d(b)?
16
Suppose 35 + 247 = 6*q. What is the remainder when 375 is divided by q?
46
Let x be ((-3)/2)/(2/(-692)). Let u = x - 356. Suppose 0 = 4*n - u + 7. Calculate the remainder when n is divided by 21.
18
Let p = 757 + -753. What is the remainder when 206 is divided by p?
2
Let g = -50 + 54. Suppose -7*h + g*h = -36. What is the remainder when h is divided by 6?
0
Suppose -444 = 37*t - 2590. What is the remainder when t is divided by 11?
3
Let l(t) = -2*t**2 + 24*t - 5. Suppose 0 = 4*r - 16, v = 2*v + 5*r - 26. Calculate the remainder when l(v) is divided by 3.
1
Let x(g) = 2*g**2 + 6*g + 5. Let p be x(-6). Suppose -m + p = -0*m. Let o(a) = a**3 + 19*a**2 - 20*a + 11. Calculate the remainder when m is divided by o(-20).
8
Suppose 0 = -5*c + 5, 0 = 16*g - 13*g + 4*c - 46. What is the remainder when g is divided by 8?
6
Suppose 0 = 5*d - 8*d + 15. Let s = -2 - -4. Calculate the remainder when d is divided by s.
1
Let w(k) = -k**3 + 5*k**2 - k + 5. Let h be w(5). Suppose -25*m + 20*m + 70 = h. What is the remainder when m is divided by 8?
6
Let q be -3*2/((-2)/(-5)). Let u = -149 - -184. Let k = u - q. Calculate the remainder when k is divided by 13.
11
Suppose -151*v + 2820 = -136*v. Calculate the remainder when v is divided by (-2)/(-7) - 264/(-7).
36
Let z = 61 - 30. Suppose 3*p - z = -2*w, -2*w + w + 14 = 3*p. What is the remainder when 49 is divided by w?
15
Suppose 0 = -20*f + 23*f - 30. Calculate the remainder when f is divided by 8.
2
Suppose 18*b = 1932 + 1794. What is the remainder when b is divided by 42?
39
Let v = 774 - 739. What is the remainder when v is divided by 14?
7
Suppose -g + 2*g - 2*l + 5 = 0, -g + 3 = 2*l. Let j = g - 5. Calculate the remainder when 7 is divided by ((-8)/(-12))/((-1)/j).
3
Let z(q) = -q**3 + 5*q**2 - 3*q. Let h be z(4). Suppose -6 = 4*r - 2*w + h*w, 3*w + 1 = -2*r. What is the remainder when 39 is divided by (0/(-4) - 7)*r?
11
Suppose -22*b + 19*b + 198 = -p, 5*b - 3*p - 326 = 0. Suppose w - 16 = 18. What is the remainder when b is divided by w?
33
Let y(x) = -x**3 - 4*x**2 + 5*x - 2. Let f be y(-5). Suppose -5*w - v - 50 = 4*v, 2*v = 0. What is the remainder when 77 is divided by (75/w - -1)*f?
12
Suppose 20*a - 21*a = -6. Let h(f) = f**2 + 1. Let z be h(2). Suppose 70 = 2*k - 4*v, 0 = 4*k - a*k + z*v + 73. What is the remainder when k is divided by 10?
9
Let v be -2 - (-326 + -2 + 4). Suppose 62 = 4*b - v. What is the remainder when b is divided by 33?
30
Suppose 0 = -7*y + 2*y + 3*q + 246, -y = 4*q - 40. What is the remainder when 190 is divided by y?
46
Let g = -136 + 378. Suppose -3*y + 4*t + 426 = 169, t = 3*y - g. Calculate the remainder when y is divided by 20.
19
Suppose 2*y = -z + 10, -5*z - 27 = -2*y - 41. What is the remainder when 28 is divided by y?
1
Let i(p) = -96*p. Let k be i(-1). Suppose 4*o - 10*o + k = 0. What is the remainder when (-2)/4 - 123/(-2) is divided by o?
13
Let p(q) = -q**2 + 9*q + 2. Let w be p(9). Suppose 5*a - 1599 = -w*k, a - 4*k = 6*a - 1593. What is the remainder when a is divided by 27?
24
Let p be (29/3)/(1/3). Let k be -12*((-3)/(-7) + (-390)/126). Let m = k - p. Calculate the remainder when 11 is divided by m.
2
Let f = 1620 - 1437. Calculate the remainder when f is divided by 55.
18
Suppose -284 = -2*m - 2*p, 0 = 3*m - 3*p + 281 - 677. Calculate the remainder when m is divided by 30.
17
Suppose -5*k - 57 = -132. What is the remainder when 11 is divided by (-12)/14*(-5)/(k/14)?
3
Let r(j) = j**3 + 20*j**2 - j + 10. Calculate the remainder when r(-20) is divided by 16.
14
Let b(i) = -i - 1. Let q(t) = -14*t + 6. Let g(z) = -5*b(z) - q(z). Let a be g(-1). Calculate the remainder when 2/(-5) - 688/a is divided by 18.
16
Let u = -439 + 463. Let q(d) = 5*d**2 - d + 1. What is the remainder when u is divided by q(1)?
4
Suppose 11*j + 489 - 2018 = 0. Calculate the remainder when j is divided by 44.
7
Calculate the remainder when 120 is divided by (-6)/33 + 400/22.
12
Suppose -19*g = -1700 + 826. Calculate the remainder when (-1)/4 - (-913)/4 is divided by g.
44
Let l(f) = -3*f*